 the tens digit of 9293355?
5
What is the units digit of 1072352?
2
What is the thousands digit of 2134331?
4
What is the units digit of 632513?
3
What is the thousands digit of 2068579?
8
What is the hundreds digit of 159056?
0
What is the thousands digit of 981313?
1
What is the tens digit of 206135?
3
What is the units digit of 38074214?
4
What is the tens digit of 355922?
2
What is the ten thousands digit of 447353?
4
What is the units digit of 473709?
9
What is the tens digit of 672683?
8
What is the hundreds digit of 68932?
9
What is the hundreds digit of 179412?
4
What is the thousands digit of 1665491?
5
What is the ten thousands digit of 1184043?
8
What is the millions digit of 5855542?
5
What is the tens digit of 205468?
6
What is the millions digit of 2615467?
2
What is the hundreds digit of 623570?
5
What is the tens digit of 1795446?
4
What is the tens digit of 189356?
5
What is the hundred thousands digit of 239399?
2
What is the ten thousands digit of 1126700?
2
What is the thousands digit of 3868174?
8
What is the ten thousands digit of 1555726?
5
What is the tens digit of 168284?
8
What is the thousands digit of 7254188?
4
What is the hundred thousands digit of 247753?
2
What is the units digit of 1013444?
4
What is the tens digit of 4094346?
4
What is the units digit of 210097?
7
What is the hundreds digit of 3800283?
2
What is the tens digit of 1575364?
6
What is the hundreds digit of 10779557?
5
What is the units digit of 6786276?
6
What is the hundred thousands digit of 11509084?
5
What is the thousands digit of 215464?
5
What is the ten thousands digit of 52242?
5
What is the hundred thousands digit of 1479581?
4
What is the tens digit of 55064?
6
What is the millions digit of 31193168?
1
What is the hundred thousands digit of 584910?
5
What is the hundred thousands digit of 818249?
8
What is the units digit of 85780?
0
What is the hundreds digit of 17861419?
4
What is the thousands digit of 1367948?
7
What is the millions digit of 2769830?
2
What is the ten thousands digit of 5868555?
6
What is the tens digit of 4220797?
9
What is the thousands digit of 489725?
9
What is the ten thousands digit of 141026?
4
What is the hundreds digit of 286806?
8
What is the units digit of 19396?
6
What is the hundreds digit of 1920049?
0
What is the hundred thousands digit of 285780?
2
What is the units digit of 3555709?
9
What is the thousands digit of 109175?
9
What is the hundreds digit of 171607?
6
What is the tens digit of 589797?
9
What is the hundred thousands digit of 4790188?
7
What is the tens digit of 618650?
5
What is the hundred thousands digit of 228162?
2
What is the tens digit of 16202103?
0
What is the thousands digit of 1168755?
8
What is the units digit of 4839334?
4
What is the hundreds digit of 384221?
2
What is the thousands digit of 194227?
4
What is the tens digit of 261354?
5
What is the ten thousands digit of 276457?
7
What is the units digit of 1435706?
6
What is the hundreds digit of 12215897?
8
What is the ten thousands digit of 1184597?
8
What is the units digit of 428172?
2
What is the ten thousands digit of 1132653?
3
What is the hundreds digit of 7521967?
9
What is the units digit of 773795?
5
What is the millions digit of 7468930?
7
What is the ten millions digit of 10880208?
1
What is the ten thousands digit of 2808574?
0
What is the ten thousands digit of 28467?
2
What is the hundreds digit of 664130?
1
What is the hundred thousands digit of 1056055?
0
What is the thousands digit of 40888?
0
What is the hundreds digit of 34000?
0
What is the ten thousands digit of 138847?
3
What is the hundreds digit of 975900?
9
What is the thousands digit of 804954?
4
What is the hundred thousands digit of 21384561?
3
What is the hundreds digit of 558567?
5
What is the thousands digit of 269695?
9
What is the thousands digit of 840865?
0
What is the hundreds digit of 62829?
8
What is the ten thousands digit of 1641237?
4
What is the units digit of 11602301?
1
What is the millions digit of 5039291?
5
What is the ten thousands digit of 433880?
3
What is the millions digit of 26565612?
6
What is the thousands digit of 12375653?
5
What is the tens digit of 844017?
1
What is the units digit of 401340?
0
What is the units digit of 107904?
4
What is the tens digit of 4192580?
8
What is the thousands digit of 1271299?
1
What is the hundreds digit of 2086285?
2
What is the tens digit of 1056282?
8
What is the hundreds digit of 841049?
0
What is the hundred thousands digit of 412886?
4
What is the units digit of 6711646?
6
What is the hundred thousands digit of 256873?
2
What is the tens digit of 399792?
9
What is the hundred thousands digit of 14599733?
5
What is the thousands digit of 3285817?
5
What is the units digit of 1343741?
1
What is the hundreds digit of 5855186?
1
What is the units digit of 60924?
4
What is the thousands digit of 812304?
2
What is the units digit of 1471859?
9
What is the hundreds digit of 3425785?
7
What is the tens digit of 9642439?
3
What is the millions digit of 3321595?
3
What is the units digit of 4025004?
4
What is the units digit of 7459672?
2
What is the units digit of 3296060?
0
What is the tens digit of 1776675?
7
What is the ten millions digit of 19864907?
1
What is the tens digit of 5056480?
8
What is the hundreds digit of 2042780?
7
What is the ten thousands digit of 14091383?
9
What is the thousands digit of 19382356?
2
What is the units digit of 94995?
5
What is the hundreds digit of 547045?
0
What is the hundreds digit of 738440?
4
What is the tens digit of 819068?
6
What is the ten thousands digit of 146544?
4
What is the ten thousands digit of 19281932?
8
What is the hundreds digit of 608179?
1
What is the units digit of 737075?
5
What is the millions digit of 2673832?
2
What is the hundred thousands digit of 9075580?
0
What is the hundred thousands digit of 494882?
4
What is the thousands digit of 150955?
0
What is the thousands digit of 2249655?
9
What is the ten thousands digit of 237475?
3
What is the ten millions digit of 31038695?
3
What is the ten thousands digit of 3401157?
0
What is the thousands digit of 163970?
3
What is the hundred thousands digit of 4983775?
9
What is the ten thousands digit of 3793783?
9
What is the hundreds digit of 356865?
8
What is the tens digit of 1230477?
7
What is the hundreds digit of 4179991?
9
What is the units digit of 26557164?
4
What is the hundred thousands digit of 33825106?
8
What is the hundreds digit of 189286?
2
What is the thousands digit of 32915910?
5
What is the tens digit of 3025617?
1
What is the tens digit of 3184977?
7
What is the hundreds digit of 145026?
0
What is the ten thousands digit of 229286?
2
What is the ten thousands digit of 19942345?
4
What is the tens digit of 453854?
5
What is the units digit of 2795382?
2
What is the millions digit of 10070126?
0
What is the thousands digit of 3404526?
4
What is the hundred thousands digit of 242547?
2
What is the units digit of 17290131?
1
What is the thousands digit of 229276?
9
What is the millions digit of 1460987?
1
What is the ten thousands digit of 141215?
4
What is the thousands digit of 19050081?
0
What is the hundreds digit of 10489197?
1
What is the units digit of 711414?
4
What is the hundreds digit of 837862?
8
What is the units digit of 6059447?
7
What is the units digit of 7484723?
3
What is the hundred thousands digit of 557336?
5
What is the hundreds digit of 210097?
0
What is the ten thousands digit of 32714?
3
What is the units digit of 12286936?
6
What is the thousands digit of 13572976?
2
What is the units digit of 2589640?
0
What is the ten thousands digit of 192551?
9
What is the hundred thousands digit of 40961969?
9
What is the tens digit of 17455753?
5
What is the thousands digit of 102860?
2
What is the millions digit of 2881200?
2
What is the ten thousands digit of 5484980?
8
What is the units digit of 153745?
5
What is the hundreds digit of 1431287?
2
What is the millions digit of 6432875?
6
What is the thousands digit of 316437?
6
What is the millions digit of 1631468?
1
What is the thousands digit of 27108?
7
What is the ten thousands digit of 421193?
2
What is the hundreds digit of 1068754?
7
What is the ten thousands digit of 4574910?
7